{"id":33,"date":"2018-11-12T14:48:32","date_gmt":"2018-11-12T14:48:32","guid":{"rendered":"https:\/\/wp.med-geo.de\/?page_id=33"},"modified":"2022-09-27T13:58:50","modified_gmt":"2022-09-27T13:58:50","slug":"der-ak","status":"publish","type":"page","link":"https:\/\/med-geo.de\/index.php\/der-ak\/","title":{"rendered":"Der AK"},"content":{"rendered":"\n<figure class=\"wp-block-image\"><img loading=\"lazy\" decoding=\"async\" width=\"500\" height=\"100\" src=\"https:\/\/wp.med-geo.de\/wp-content\/uploads\/2019\/01\/Logo_AK_MedGeo.jpg\" alt=\"\" class=\"wp-image-162\" srcset=\"https:\/\/med-geo.de\/wp-content\/uploads\/2019\/01\/Logo_AK_MedGeo.jpg 500w, https:\/\/med-geo.de\/wp-content\/uploads\/2019\/01\/Logo_AK_MedGeo-300x60.jpg 300w\" sizes=\"auto, (max-width: 500px) 100vw, 500px\" \/><\/figure>\n\n\n\n<p>Die Verbindung von Geographie und Medizin hat ausgehend von Hippokrates eine mehr als 2000 Jahre alte Tradition. Lag der Schwerpunkt medizingeographischer Forschung im<br>19. und 20. Jahrundert auf der Krankheits\u00f6kologie, kamen in der zweiten H\u00e4lfte des 20. Jahrhunderts mit der Erforschung r\u00e4umlicher Aspekte der Gesundheitsversorgung und dem sozial-interaktionistischen (humanistischen) Ansatz einer &#8222;Post-medizinischen&#8220; Geographie der Gesundheit neue Schwerpunkte hinzu. Durch globale Umweltver\u00e4nderungen, das Bev\u00f6lkerungswachstum und die Globalisierung sind raumwirksame Entwicklungen f\u00fcr die Gesundheit in den vergangenen Jahren immer bedeutender geworden (Planetary Health).<\/p>\n\n\n\n<p>Der Arbeitskreis Medizinische Geographie und Geographische Gesundheitsforschung bietet ein Forum f\u00fcr Studierende\/Fachleute\/Wissenschaftler*innen aus Geographie, Medizin, Epidemiologie, r\u00e4umlicher Statistik,&#8230;, die sich mit den Zusammenh\u00e4ngen von Krankheit, Gesundheitssystem, und Gesundheit aus r\u00e4umlicher Perspektive besch\u00e4ftigen. Alle zwei Jahre veranstaltet der Arbeitskreis eine Jahrestagung. In den Jahren dazwischen kommt der Arbeitkreis zu einer Sitzung auf dem Deutschen Kongress f\u00fcr Geographie zusammen.<\/p>\n\n\n\n<p>Mit seiner Gr\u00fcndung im Jahr 1972 ist der Arbeitskreis Medizinische Geographie und Geographische Gesundheitsforschung der \u00e4lteste Arbeitskreis in der <a href=\"https:\/\/geographie.de\/\">Deutschen Gesellschaft f\u00fcr Geographie (DGfG)<\/a>.<\/p>\n\n\n\n<p>Der Arbeitskreis ist eng mit dem <a href=\"https:\/\/www.vggf.de\">Verein zur F\u00f6rderung der Geographischen Gesundheitsforschung (VGGF)<\/a> verbunden. Als eingetragener Verein unterst\u00fctzt der VGGF den Arbeitskreis organisatorisch, zum Beispiel bei der Ausrichtung der Jahrestagungen. Zudem vergibt der VGGF alle zwei Jahre F\u00f6rderpreise an junge Wissenschaftler*innen und gibt die Schriftenreihe &#8222;Geographische Gesundheitsforschung\u201c heraus, in der Arbeiten von AK-Mitgliedern erscheinen.<\/p>\n\n\n\n<p><br><\/p>\n","protected":false},"excerpt":{"rendered":"<p>Die Verbindung von Geographie und Medizin hat ausgehend von Hippokrates eine mehr als 2000 Jahre alte Tradition. Lag der Schwerpunkt medizingeographischer Forschung im19. und 20. Jahrundert auf der Krankheits\u00f6kologie, kamen in der zweiten H\u00e4lfte des 20. Jahrhunderts mit der Erforschung r\u00e4umlicher Aspekte der Gesundheitsversorgung und dem sozial-interaktionistischen (humanistischen) Ansatz einer &#8222;Post-medizinischen&#8220; Geographie der Gesundheit neue &hellip; <\/p>\n<p class=\"link-more\"><a href=\"https:\/\/med-geo.de\/index.php\/der-ak\/\" class=\"more-link\"><span class=\"screen-reader-text\">\u201eDer AK\u201c <\/span>weiterlesen<\/a><\/p>\n","protected":false},"author":2,"featured_media":0,"parent":0,"menu_order":0,"comment_status":"closed","ping_status":"closed","template":"","meta":{"footnotes":""},"class_list":["post-33","page","type-page","status-publish"],"post_mailing_queue_ids":[],"_links":{"self":[{"href":"https:\/\/med-geo.de\/index.php\/wp-json\/wp\/v2\/pages\/33","targetHints":{"allow":["GET"]}}],"collection":[{"href":"https:\/\/med-geo.de\/index.php\/wp-json\/wp\/v2\/pages"}],"about":[{"href":"https:\/\/med-geo.de\/index.php\/wp-json\/wp\/v2\/types\/page"}],"author":[{"embeddable":true,"href":"https:\/\/med-geo.de\/index.php\/wp-json\/wp\/v2\/users\/2"}],"replies":[{"embeddable":true,"href":"https:\/\/med-geo.de\/index.php\/wp-json\/wp\/v2\/comments?post=33"}],"version-history":[{"count":13,"href":"https:\/\/med-geo.de\/index.php\/wp-json\/wp\/v2\/pages\/33\/revisions"}],"predecessor-version":[{"id":493,"href":"https:\/\/med-geo.de\/index.php\/wp-json\/wp\/v2\/pages\/33\/revisions\/493"}],"wp:attachment":[{"href":"https:\/\/med-geo.de\/index.php\/wp-json\/wp\/v2\/media?parent=33"}],"curies":[{"name":"wp","href":"https:\/\/api.w.org\/{rel}","templated":true}]}}