{"id":448,"date":"2022-05-20T08:23:05","date_gmt":"2022-05-20T08:23:05","guid":{"rendered":"https:\/\/med-geo.de\/?page_id=448"},"modified":"2023-02-15T09:38:10","modified_gmt":"2023-02-15T09:38:10","slug":"jahrestagung-2022","status":"publish","type":"page","link":"https:\/\/med-geo.de\/index.php\/jahrestagung-2022\/","title":{"rendered":"Jahrestagung 2022 &#8211; Programm"},"content":{"rendered":"\n<p>Vom 22. &#8211; 24. September hat die Jahrestagung des Arbeitskreises Medizinische Geographie und Geographische Gesundheitsforschung gemeinsam mit der Arbeitsgruppe R\u00e4umliche Statistik der Deutschen Region der Internationalen Biometrischen Gesellschaft an der Universit\u00e4t Bonn stattgefunden. Eine Besonderheit war in diesem Jahr das 50-j\u00e4hrige Jubil\u00e4um des Arbeitskreises, das im Rahmen einer Festveranstaltung im Universit\u00e4tsclub der Universit\u00e4t Bonn am 22. September gefeiert wurde.<\/p>\n\n\n\n<p><\/p>\n\n\n\n<p><strong><mark style=\"background-color:rgba(0, 0, 0, 0)\" class=\"has-inline-color has-vivid-cyan-blue-color\">Donnerstag, 22. September<\/mark><\/strong><br><strong>Sitzung A: Gesundheitliche Versorgung<\/strong><br>Moderation: Carsten Butsch<\/p>\n\n\n\n<p><mark style=\"background-color:rgba(0, 0, 0, 0)\" class=\"has-inline-color has-pale-cyan-blue-color\"><strong>SEBASTIAN RAUCH<\/strong><\/mark><br>Zugang zu p\u00e4diatrischen Onkologiezentren in der Schweiz &#8211; Ungleichheiten zwischen l\u00e4ndlichen und st\u00e4dtischen R\u00e4umen sowie zwischen Schweizer und ausl\u00e4ndischer Bev\u00f6lkerung<br><mark style=\"background-color:rgba(0, 0, 0, 0)\" class=\"has-inline-color has-pale-cyan-blue-color\"><strong>BORIS KAUHL<\/strong><\/mark><br>Die Einf\u00fchrung kleinr\u00e4umiger interaktiver Karten mithilfe des R-Package \u201ePlotly\u201c \u2013 ein erster Erfahrungsbericht aus der AOK Nordost<br><mark style=\"background-color:rgba(0, 0, 0, 0)\" class=\"has-inline-color has-pale-cyan-blue-color\"><strong>OXANA KLASSEN<\/strong><\/mark><br>Die Bedeutung einer einheitlichen Definition von \u201el\u00e4ndlichen R\u00e4umen\u201c f\u00fcr die Sicherstellung der medizinischen Versorgung in Deutschland<br><mark style=\"background-color:rgba(0, 0, 0, 0)\" class=\"has-inline-color has-pale-cyan-blue-color\"><strong>SEBASTIAN V\u00d6LKER<\/strong><\/mark><br>Inzidenzraten von Zahnerkrankungen in Deutschland \u2013 sind r\u00e4umliche Disparit\u00e4ten bei Privatversicherten und Selbstzahlern detektierbar?<br><mark style=\"background-color:rgba(0, 0, 0, 0)\" class=\"has-inline-color has-pale-cyan-blue-color\"><strong>SEBASTIAN SPECHT<\/strong><\/mark><br>Entwurf visueller Analyse-Werkzeuge zur Begleitung grenz\u00fcbergreifender Versorgungsforschung<\/p>\n\n\n\n<p><strong>Festveranstaltung anl\u00e4sslich des 50-j\u00e4hrigen Bestehens des<br>Arbeitskreises f\u00fcr Medizinische Geographie und Geographische Gesundheitsforschung in der Deutschen Gesellschaft f\u00fcr Geographie<\/strong><\/p>\n\n\n\n<p><strong>Verleihung der F\u00f6rderpreise Geographische<br>Gesundheitsforschung 2022<\/strong><br>Universit\u00e4tsclub Bonn e. V.<br>Konviktstra\u00dfe 9 \u2022 53113 Bonn<\/p>\n\n\n\n<p><strong><mark style=\"background-color:rgba(0, 0, 0, 0)\" class=\"has-inline-color has-vivid-cyan-blue-color\">Freitag, 23. September<\/mark><\/strong><br><strong><mark style=\"background-color:rgba(0, 0, 0, 0)\" class=\"has-inline-color has-black-color\">Sitzung B: Wasserhygiene\/Epidemiologie<\/mark><\/strong><br>Moderation: Holger Scharlach<\/p>\n\n\n\n<p><mark style=\"background-color:rgba(0, 0, 0, 0)\" class=\"has-inline-color has-pale-cyan-blue-color\"><strong>CARMEN ANTHONJ<\/strong><\/mark><br><mark style=\"background-color:rgba(0, 0, 0, 0)\" class=\"has-inline-color has-black-color\">What determines water, sanitation and hygiene conditions in healthcare facilities in Peru?<\/mark><br><mark style=\"background-color:rgba(0, 0, 0, 0)\" class=\"has-inline-color has-pale-cyan-blue-color\"><strong>SUSAN THOMSCHKE<\/strong><\/mark><br><mark style=\"background-color:rgba(0, 0, 0, 0)\" class=\"has-inline-color has-black-color\">Ein Vergleich des (Trink-)Wasserzugangs in den Stadtrandgebieten<br>Maputos (Mosambik)<\/mark><br><strong><mark style=\"background-color:rgba(0, 0, 0, 0)\" class=\"has-inline-color has-pale-cyan-blue-color\">CHRISTINA FRANK<\/mark><\/strong><br>Humanpathogene Bornaviren \u2013 eine neu entdeckte hochpathogene<br>Zoonose in Deutschland<br><mark style=\"background-color:rgba(0, 0, 0, 0)\" class=\"has-inline-color has-pale-cyan-blue-color\"><strong>BLAKE WALKER<\/strong><\/mark><br>Einflussfaktoren r\u00e4umlicher Epidemiologie &#8211; eine Aufgabe f\u00fcr explorative geographische Spieleforschung<\/p>\n\n\n\n<p><strong><mark style=\"background-color:rgba(0, 0, 0, 0)\" class=\"has-inline-color has-black-color\">Sitzung C: Stadt\/Klima<\/mark><\/strong><br>Moderation: Thomas Kistemann<\/p>\n\n\n\n<p><mark style=\"background-color:rgba(0, 0, 0, 0)\" class=\"has-inline-color has-pale-cyan-blue-color\"><strong>JONAS PIEPER, J\u00dcRGEN SCHWEIKART<\/strong><\/mark><br>Gesundheit in der Stadt \u2013 Ma\u00dfnahmen f\u00fcr einen gesunden Lebensraum<br><mark style=\"background-color:rgba(0, 0, 0, 0)\" class=\"has-inline-color has-pale-cyan-blue-color\"><strong>JONATHAN SIMON<\/strong><\/mark><br>Die Beziehung zwischen Wetterlagen und Schlaganf\u00e4llen in der Region Augsburg in 2006 \u2013 2020<br><mark style=\"background-color:rgba(0, 0, 0, 0)\" class=\"has-inline-color has-pale-cyan-blue-color\"><strong>JAQUELINE HILDEBRANDT<\/strong><\/mark><br>Climate crisis resilience in urban primary healthcare in Greater Accra and the Rhine-Ruhr Metropolis<br><mark style=\"background-color:rgba(0, 0, 0, 0)\" class=\"has-inline-color has-pale-cyan-blue-color\"><strong>THOMAS CLA\u00dfEN<\/strong><\/mark><br>Hitzeaktionsplanung in Nordrhein-Westfalen \u2013 aktuelle Entwicklungen und Perspektiven<br><mark style=\"background-color:rgba(0, 0, 0, 0)\" class=\"has-inline-color has-pale-cyan-blue-color\"><strong>CHRISTINA ERGLER<\/strong><\/mark><br>Pre-schoolers, play and planning; creating liveable cities<\/p>\n\n\n\n<p><strong>Sitzung D: Gesundheitsverhalten\/Pr\u00e4vention<\/strong><br>Moderation: Patrick Sakdapolrak<\/p>\n\n\n\n<p><mark style=\"background-color:rgba(0, 0, 0, 0)\" class=\"has-inline-color has-pale-cyan-blue-color\"><strong>KEVIN BECKER, CARSTEN BUTSCH<\/strong><\/mark><br>Die Diversit\u00e4t migrantischer Gesundheits- und Krankheitsverst\u00e4ndnisse in Deutschland. Ein Literaturreview<br><mark style=\"background-color:rgba(0, 0, 0, 0)\" class=\"has-inline-color has-pale-cyan-blue-color\"><strong>DANIELA KOLLER<\/strong><\/mark><br>Walkability im Alter \u2013 eine Delphi-Expertenbefragung zur Identifizierung relevanter Indikatoren<br><mark style=\"background-color:rgba(0, 0, 0, 0)\" class=\"has-inline-color has-pale-cyan-blue-color\"><strong>ULRIKE DAPP<\/strong><\/mark><br>Ma\u00dfnahmen zum Schutz besonders vulnerabler Menschen in der COVID-19-Pandemie: Wie erlebten \u00e4ltere Menschen in Hamburg die ersten 12 Monate?<br><strong><mark style=\"background-color:rgba(0, 0, 0, 0)\" class=\"has-inline-color has-pale-cyan-blue-color\">MARA LINDEN<\/mark><\/strong><br>Gesundheitssicherheit, Gesundheitsschutz und Pandemic Preparedness<br><mark style=\"background-color:rgba(0, 0, 0, 0)\" class=\"has-inline-color has-pale-cyan-blue-color\"><strong>SOPHIE-BO HEINKEL<\/strong><\/mark><br>UrbanAware &#8211; Orchestrierte Erfassung von Verunreinigungen der Luft auf der Grundlage von URBAN-Oberfl\u00e4chenausbreitungs- modellen f\u00fcr ein verbessertes Situationsbewusstsein von Ersthelfern bei CBRN-Ereignissen<br><strong><mark style=\"background-color:rgba(0, 0, 0, 0)\" class=\"has-inline-color has-pale-cyan-blue-color\">LUISA HERRMANN<\/mark><\/strong><br>Das Krankenhaus als Ort der Geburt. Konstruktion und Erleben.<\/p>\n\n\n\n<p><strong>Vortr\u00e4ge der Preistr\u00e4gerinnen des F\u00f6rderpreises<br>Geographische Gesundheitsforschung<\/strong><\/p>\n\n\n\n<p><mark style=\"background-color:rgba(0, 0, 0, 0)\" class=\"has-inline-color has-pale-cyan-blue-color\"><strong>NATALIE SCHMITZ<\/strong><\/mark><br>The Making of a Healthy Subject: Gesundheitsf\u00f6rderung zwischen Homo Oeconomicus und Docile Body<br><mark style=\"background-color:rgba(0, 0, 0, 0)\" class=\"has-inline-color has-pale-cyan-blue-color\"><strong>NEELE D\u00dcBBERT<\/strong><\/mark><br>Menstrual Hygiene Management als Empowerment \u2013 eine Untersuchung im Setting Schule auf den Philippinen<\/p>\n\n\n\n<p>Gesch\u00e4ftssitzung AK Medizinische Geographie und<br>Geographische Gesundheitsforschung<\/p>\n\n\n\n<p>Gesch\u00e4ftssitzung AG R\u00e4umliche Statistik<\/p>\n\n\n\n<p><strong><mark style=\"background-color:rgba(0, 0, 0, 0)\" class=\"has-inline-color has-vivid-cyan-blue-color\">Samstag, 24. September<\/mark><\/strong><br><strong>Sitzung E I: COVID-19<\/strong><br>Moderation: Martina Scharlach<\/p>\n\n\n\n<p><mark style=\"background-color:rgba(0, 0, 0, 0)\" class=\"has-inline-color has-pale-cyan-blue-color\"><strong>ANDREAS KUEBART, MARTIN STABLER<\/strong><\/mark><br>Pandemic geographies: Analyzing the spatial diffusion of COVID-19 in<br>Germany with the TPSN framework<br><mark style=\"background-color:rgba(0, 0, 0, 0)\" class=\"has-inline-color has-pale-cyan-blue-color\"><strong>ANNA LUCZYNSKA, INGA OVERESCH<\/strong><\/mark><br>Schnelle Erstellung von frei gestaltbaren, interaktiven Karten in R im Zuge der COVID-19-Pandemie<br><mark style=\"background-color:rgba(0, 0, 0, 0)\" class=\"has-inline-color has-pale-cyan-blue-color\"><strong>KARINA USIPBEKOVA<\/strong><\/mark><br>Unterschiedliche Softwaresysteme in Niedersachsen \u2013 Datenqualit\u00e4t im Rahmen der SARS-CoV-2 Surveillance<\/p>\n\n\n\n<p><strong>Sitzung E II: COVID-19<\/strong><br>Moderation: Carmen Antonj<\/p>\n\n\n\n<p><mark style=\"background-color:rgba(0, 0, 0, 0)\" class=\"has-inline-color has-pale-cyan-blue-color\"><strong>CHRISTIAN TIMM<\/strong><\/mark><br>Sichere Trinkwasserversorgung in Kamerun \u2013 Gemeinsam international forschen trotz Corona-Pandemie<br><mark style=\"background-color:rgba(0, 0, 0, 0)\" class=\"has-inline-color has-pale-cyan-blue-color\"><strong>DENNIS SCHMIEGE<\/strong><\/mark><br>Kleinr\u00e4umige Unterschiede von SARS-CoV-2 RNA im urbanen Abwasser in Essen<br><mark style=\"background-color:rgba(0, 0, 0, 0)\" class=\"has-inline-color has-pale-cyan-blue-color\"><strong>TIMO FALKENBERG<\/strong><\/mark><br>Auswirkung von Luftfilteranlagen auf COVID-19 in Kinderg\u00e4rten<\/p>\n","protected":false},"excerpt":{"rendered":"<p>Vom 22. &#8211; 24. September hat die Jahrestagung des Arbeitskreises Medizinische Geographie und Geographische Gesundheitsforschung gemeinsam mit der Arbeitsgruppe R\u00e4umliche Statistik der Deutschen Region der Internationalen Biometrischen Gesellschaft an der Universit\u00e4t Bonn stattgefunden. Eine Besonderheit war in diesem Jahr das 50-j\u00e4hrige Jubil\u00e4um des Arbeitskreises, das im Rahmen einer Festveranstaltung im Universit\u00e4tsclub der Universit\u00e4t Bonn am &hellip; <\/p>\n<p class=\"link-more\"><a href=\"https:\/\/med-geo.de\/index.php\/jahrestagung-2022\/\" class=\"more-link\"><span class=\"screen-reader-text\">\u201eJahrestagung 2022 &#8211; Programm\u201c <\/span>weiterlesen<\/a><\/p>\n","protected":false},"author":2,"featured_media":0,"parent":0,"menu_order":0,"comment_status":"closed","ping_status":"closed","template":"","meta":{"footnotes":""},"class_list":["post-448","page","type-page","status-publish"],"post_mailing_queue_ids":[],"_links":{"self":[{"href":"https:\/\/med-geo.de\/index.php\/wp-json\/wp\/v2\/pages\/448","targetHints":{"allow":["GET"]}}],"collection":[{"href":"https:\/\/med-geo.de\/index.php\/wp-json\/wp\/v2\/pages"}],"about":[{"href":"https:\/\/med-geo.de\/index.php\/wp-json\/wp\/v2\/types\/page"}],"author":[{"embeddable":true,"href":"https:\/\/med-geo.de\/index.php\/wp-json\/wp\/v2\/users\/2"}],"replies":[{"embeddable":true,"href":"https:\/\/med-geo.de\/index.php\/wp-json\/wp\/v2\/comments?post=448"}],"version-history":[{"count":13,"href":"https:\/\/med-geo.de\/index.php\/wp-json\/wp\/v2\/pages\/448\/revisions"}],"predecessor-version":[{"id":594,"href":"https:\/\/med-geo.de\/index.php\/wp-json\/wp\/v2\/pages\/448\/revisions\/594"}],"wp:attachment":[{"href":"https:\/\/med-geo.de\/index.php\/wp-json\/wp\/v2\/media?parent=448"}],"curies":[{"name":"wp","href":"https:\/\/api.w.org\/{rel}","templated":true}]}}

<p>Vom 22. &#8211; 24. September hat die Jahrestagung des Arbeitskreises Medizinische Geographie und Geographische Gesundheitsforschung gemeinsam mit der Arbeitsgruppe Räumliche Statistik der Deutschen Region der Internationalen Biometrischen Gesellschaft an der Universität Bonn stattgefunden. Eine Besonderheit war in diesem Jahr das 50-jährige Jubiläum des Arbeitskreises, das im Rahmen einer Festveranstaltung im Universitätsclub der Universität Bonn am 22. September gefeiert wurde.</p>



<p></p>



<p><strong><mark style="background-color:rgba(0, 0, 0, 0)" class="has-inline-color has-vivid-cyan-blue-color">Donnerstag, 22. September</mark></strong><br><strong>Sitzung A: Gesundheitliche Versorgung</strong><br>Moderation: Carsten Butsch</p>



<p><mark style="background-color:rgba(0, 0, 0, 0)" class="has-inline-color has-pale-cyan-blue-color"><strong>SEBASTIAN RAUCH</strong></mark><br>Zugang zu pädiatrischen Onkologiezentren in der Schweiz &#8211; Ungleichheiten zwischen ländlichen und städtischen Räumen sowie zwischen Schweizer und ausländischer Bevölkerung<br><mark style="background-color:rgba(0, 0, 0, 0)" class="has-inline-color has-pale-cyan-blue-color"><strong>BORIS KAUHL</strong></mark><br>Die Einführung kleinräumiger interaktiver Karten mithilfe des R-Package „Plotly“ – ein erster Erfahrungsbericht aus der AOK Nordost<br><mark style="background-color:rgba(0, 0, 0, 0)" class="has-inline-color has-pale-cyan-blue-color"><strong>OXANA KLASSEN</strong></mark><br>Die Bedeutung einer einheitlichen Definition von „ländlichen Räumen“ für die Sicherstellung der medizinischen Versorgung in Deutschland<br><mark style="background-color:rgba(0, 0, 0, 0)" class="has-inline-color has-pale-cyan-blue-color"><strong>SEBASTIAN VÖLKER</strong></mark><br>Inzidenzraten von Zahnerkrankungen in Deutschland – sind räumliche Disparitäten bei Privatversicherten und Selbstzahlern detektierbar?<br><mark style="background-color:rgba(0, 0, 0, 0)" class="has-inline-color has-pale-cyan-blue-color"><strong>SEBASTIAN SPECHT</strong></mark><br>Entwurf visueller Analyse-Werkzeuge zur Begleitung grenzübergreifender Versorgungsforschung</p>



<p><strong>Festveranstaltung anlässlich des 50-jährigen Bestehens des<br>Arbeitskreises für Medizinische Geographie und Geographische Gesundheitsforschung in der Deutschen Gesellschaft für Geographie</strong></p>



<p><strong>Verleihung der Förderpreise Geographische<br>Gesundheitsforschung 2022</strong><br>Universitätsclub Bonn e. V.<br>Konviktstraße 9 • 53113 Bonn</p>



<p><strong><mark style="background-color:rgba(0, 0, 0, 0)" class="has-inline-color has-vivid-cyan-blue-color">Freitag, 23. September</mark></strong><br><strong><mark style="background-color:rgba(0, 0, 0, 0)" class="has-inline-color has-black-color">Sitzung B: Wasserhygiene/Epidemiologie</mark></strong><br>Moderation: Holger Scharlach</p>



<p><mark style="background-color:rgba(0, 0, 0, 0)" class="has-inline-color has-pale-cyan-blue-color"><strong>CARMEN ANTHONJ</strong></mark><br><mark style="background-color:rgba(0, 0, 0, 0)" class="has-inline-color has-black-color">What determines water, sanitation and hygiene conditions in healthcare facilities in Peru?</mark><br><mark style="background-color:rgba(0, 0, 0, 0)" class="has-inline-color has-pale-cyan-blue-color"><strong>SUSAN THOMSCHKE</strong></mark><br><mark style="background-color:rgba(0, 0, 0, 0)" class="has-inline-color has-black-color">Ein Vergleich des (Trink-)Wasserzugangs in den Stadtrandgebieten<br>Maputos (Mosambik)</mark><br><strong><mark style="background-color:rgba(0, 0, 0, 0)" class="has-inline-color has-pale-cyan-blue-color">CHRISTINA FRANK</mark></strong><br>Humanpathogene Bornaviren – eine neu entdeckte hochpathogene<br>Zoonose in Deutschland<br><mark style="background-color:rgba(0, 0, 0, 0)" class="has-inline-color has-pale-cyan-blue-color"><strong>BLAKE WALKER</strong></mark><br>Einflussfaktoren räumlicher Epidemiologie &#8211; eine Aufgabe für explorative geographische Spieleforschung</p>



<p><strong><mark style="background-color:rgba(0, 0, 0, 0)" class="has-inline-color has-black-color">Sitzung C: Stadt/Klima</mark></strong><br>Moderation: Thomas Kistemann</p>



<p><mark style="background-color:rgba(0, 0, 0, 0)" class="has-inline-color has-pale-cyan-blue-color"><strong>JONAS PIEPER, JÜRGEN SCHWEIKART</strong></mark><br>Gesundheit in der Stadt – Maßnahmen für einen gesunden Lebensraum<br><mark style="background-color:rgba(0, 0, 0, 0)" class="has-inline-color has-pale-cyan-blue-color"><strong>JONATHAN SIMON</strong></mark><br>Die Beziehung zwischen Wetterlagen und Schlaganfällen in der Region Augsburg in 2006 – 2020<br><mark style="background-color:rgba(0, 0, 0, 0)" class="has-inline-color has-pale-cyan-blue-color"><strong>JAQUELINE HILDEBRANDT</strong></mark><br>Climate crisis resilience in urban primary healthcare in Greater Accra and the Rhine-Ruhr Metropolis<br><mark style="background-color:rgba(0, 0, 0, 0)" class="has-inline-color has-pale-cyan-blue-color"><strong>THOMAS CLAßEN</strong></mark><br>Hitzeaktionsplanung in Nordrhein-Westfalen – aktuelle Entwicklungen und Perspektiven<br><mark style="background-color:rgba(0, 0, 0, 0)" class="has-inline-color has-pale-cyan-blue-color"><strong>CHRISTINA ERGLER</strong></mark><br>Pre-schoolers, play and planning; creating liveable cities</p>



<p><strong>Sitzung D: Gesundheitsverhalten/Prävention</strong><br>Moderation: Patrick Sakdapolrak</p>



<p><mark style="background-color:rgba(0, 0, 0, 0)" class="has-inline-color has-pale-cyan-blue-color"><strong>KEVIN BECKER, CARSTEN BUTSCH</strong></mark><br>Die Diversität migrantischer Gesundheits- und Krankheitsverständnisse in Deutschland. Ein Literaturreview<br><mark style="background-color:rgba(0, 0, 0, 0)" class="has-inline-color has-pale-cyan-blue-color"><strong>DANIELA KOLLER</strong></mark><br>Walkability im Alter – eine Delphi-Expertenbefragung zur Identifizierung relevanter Indikatoren<br><mark style="background-color:rgba(0, 0, 0, 0)" class="has-inline-color has-pale-cyan-blue-color"><strong>ULRIKE DAPP</strong></mark><br>Maßnahmen zum Schutz besonders vulnerabler Menschen in der COVID-19-Pandemie: Wie erlebten ältere Menschen in Hamburg die ersten 12 Monate?<br><strong><mark style="background-color:rgba(0, 0, 0, 0)" class="has-inline-color has-pale-cyan-blue-color">MARA LINDEN</mark></strong><br>Gesundheitssicherheit, Gesundheitsschutz und Pandemic Preparedness<br><mark style="background-color:rgba(0, 0, 0, 0)" class="has-inline-color has-pale-cyan-blue-color"><strong>SOPHIE-BO HEINKEL</strong></mark><br>UrbanAware &#8211; Orchestrierte Erfassung von Verunreinigungen der Luft auf der Grundlage von URBAN-Oberflächenausbreitungs- modellen für ein verbessertes Situationsbewusstsein von Ersthelfern bei CBRN-Ereignissen<br><strong><mark style="background-color:rgba(0, 0, 0, 0)" class="has-inline-color has-pale-cyan-blue-color">LUISA HERRMANN</mark></strong><br>Das Krankenhaus als Ort der Geburt. Konstruktion und Erleben.</p>



<p><strong>Vorträge der Preisträgerinnen des Förderpreises<br>Geographische Gesundheitsforschung</strong></p>



<p><mark style="background-color:rgba(0, 0, 0, 0)" class="has-inline-color has-pale-cyan-blue-color"><strong>NATALIE SCHMITZ</strong></mark><br>The Making of a Healthy Subject: Gesundheitsförderung zwischen Homo Oeconomicus und Docile Body<br><mark style="background-color:rgba(0, 0, 0, 0)" class="has-inline-color has-pale-cyan-blue-color"><strong>NEELE DÜBBERT</strong></mark><br>Menstrual Hygiene Management als Empowerment – eine Untersuchung im Setting Schule auf den Philippinen</p>



<p>Geschäftssitzung AK Medizinische Geographie und<br>Geographische Gesundheitsforschung</p>



<p>Geschäftssitzung AG Räumliche Statistik</p>



<p><strong><mark style="background-color:rgba(0, 0, 0, 0)" class="has-inline-color has-vivid-cyan-blue-color">Samstag, 24. September</mark></strong><br><strong>Sitzung E I: COVID-19</strong><br>Moderation: Martina Scharlach</p>



<p><mark style="background-color:rgba(0, 0, 0, 0)" class="has-inline-color has-pale-cyan-blue-color"><strong>ANDREAS KUEBART, MARTIN STABLER</strong></mark><br>Pandemic geographies: Analyzing the spatial diffusion of COVID-19 in<br>Germany with the TPSN framework<br><mark style="background-color:rgba(0, 0, 0, 0)" class="has-inline-color has-pale-cyan-blue-color"><strong>ANNA LUCZYNSKA, INGA OVERESCH</strong></mark><br>Schnelle Erstellung von frei gestaltbaren, interaktiven Karten in R im Zuge der COVID-19-Pandemie<br><mark style="background-color:rgba(0, 0, 0, 0)" class="has-inline-color has-pale-cyan-blue-color"><strong>KARINA USIPBEKOVA</strong></mark><br>Unterschiedliche Softwaresysteme in Niedersachsen – Datenqualität im Rahmen der SARS-CoV-2 Surveillance</p>



<p><strong>Sitzung E II: COVID-19</strong><br>Moderation: Carmen Antonj</p>



<p><mark style="background-color:rgba(0, 0, 0, 0)" class="has-inline-color has-pale-cyan-blue-color"><strong>CHRISTIAN TIMM</strong></mark><br>Sichere Trinkwasserversorgung in Kamerun – Gemeinsam international forschen trotz Corona-Pandemie<br><mark style="background-color:rgba(0, 0, 0, 0)" class="has-inline-color has-pale-cyan-blue-color"><strong>DENNIS SCHMIEGE</strong></mark><br>Kleinräumige Unterschiede von SARS-CoV-2 RNA im urbanen Abwasser in Essen<br><mark style="background-color:rgba(0, 0, 0, 0)" class="has-inline-color has-pale-cyan-blue-color"><strong>TIMO FALKENBERG</strong></mark><br>Auswirkung von Luftfilteranlagen auf COVID-19 in Kindergärten</p>

<p>Vom 22. &#8211; 24. September hat die Jahrestagung des Arbeitskreises Medizinische Geographie und Geographische Gesundheitsforschung gemeinsam mit der Arbeitsgruppe Räumliche Statistik der Deutschen Region der Internationalen Biometrischen Gesellschaft an der Universität Bonn stattgefunden. Eine Besonderheit war in diesem Jahr das 50-jährige Jubiläum des Arbeitskreises, das im Rahmen einer Festveranstaltung im Universitätsclub der Universität Bonn am &hellip; </p>
<p class="link-more"><a href="https://med-geo.de/index.php/jahrestagung-2022/" class="more-link"><span class="screen-reader-text">„Jahrestagung 2022 &#8211; Programm“ </span>weiterlesen</a></p>
